{"id":4137,"date":"2026-04-19T12:52:23","date_gmt":"2026-04-19T10:52:23","guid":{"rendered":"https:\/\/www.mc-boeheimkirchen.at\/?page_id=4137"},"modified":"2026-04-19T12:52:24","modified_gmt":"2026-04-19T10:52:24","slug":"flugplatz","status":"publish","type":"page","link":"https:\/\/www.mc-boeheimkirchen.at\/?page_id=4137","title":{"rendered":"Flugplatz"},"content":{"rendered":"\n<figure class=\"wp-block-image size-large\"><img loading=\"lazy\" decoding=\"async\" width=\"1024\" height=\"576\" src=\"https:\/\/www.mc-boeheimkirchen.at\/wp-content\/uploads\/2024\/09\/IMG_20240507_185127_991-1-1024x576.jpg\" alt=\"\" class=\"wp-image-3938\" srcset=\"https:\/\/www.mc-boeheimkirchen.at\/wp-content\/uploads\/2024\/09\/IMG_20240507_185127_991-1-1024x576.jpg 1024w, https:\/\/www.mc-boeheimkirchen.at\/wp-content\/uploads\/2024\/09\/IMG_20240507_185127_991-1-300x169.jpg 300w, https:\/\/www.mc-boeheimkirchen.at\/wp-content\/uploads\/2024\/09\/IMG_20240507_185127_991-1-150x84.jpg 150w, https:\/\/www.mc-boeheimkirchen.at\/wp-content\/uploads\/2024\/09\/IMG_20240507_185127_991-1-768x432.jpg 768w, https:\/\/www.mc-boeheimkirchen.at\/wp-content\/uploads\/2024\/09\/IMG_20240507_185127_991-1-1536x864.jpg 1536w, https:\/\/www.mc-boeheimkirchen.at\/wp-content\/uploads\/2024\/09\/IMG_20240507_185127_991-1-2048x1152.jpg 2048w, https:\/\/www.mc-boeheimkirchen.at\/wp-content\/uploads\/2024\/09\/IMG_20240507_185127_991-1-1005x565.jpg 1005w\" sizes=\"auto, (max-width: 1024px) 100vw, 1024px\" \/><\/figure>\n\n\n\n<p><\/p>\n\n\n\n<p>Inmitten der wundersch\u00f6nen Landschaft Nieder\u00f6sterreichs liegt der Flugplatz des MC B\u00f6heimkirchen-Kirchstetten.  Er ist gut mit dem Auto zu erreichen und bietet ausreichend Parkraum f\u00fcr Piloten und Zuschauer.<\/p>\n\n\n\n<figure class=\"wp-block-image size-large\"><img loading=\"lazy\" decoding=\"async\" width=\"1024\" height=\"577\" src=\"https:\/\/www.mc-boeheimkirchen.at\/wp-content\/uploads\/2026\/04\/20220606_180903-1024x577.jpg\" alt=\"\" class=\"wp-image-4132\" srcset=\"https:\/\/www.mc-boeheimkirchen.at\/wp-content\/uploads\/2026\/04\/20220606_180903-1024x577.jpg 1024w, https:\/\/www.mc-boeheimkirchen.at\/wp-content\/uploads\/2026\/04\/20220606_180903-300x169.jpg 300w, https:\/\/www.mc-boeheimkirchen.at\/wp-content\/uploads\/2026\/04\/20220606_180903-150x84.jpg 150w, https:\/\/www.mc-boeheimkirchen.at\/wp-content\/uploads\/2026\/04\/20220606_180903-768x432.jpg 768w, https:\/\/www.mc-boeheimkirchen.at\/wp-content\/uploads\/2026\/04\/20220606_180903-1536x865.jpg 1536w, https:\/\/www.mc-boeheimkirchen.at\/wp-content\/uploads\/2026\/04\/20220606_180903-2048x1153.jpg 2048w, https:\/\/www.mc-boeheimkirchen.at\/wp-content\/uploads\/2026\/04\/20220606_180903-1005x566.jpg 1005w\" sizes=\"auto, (max-width: 1024px) 100vw, 1024px\" \/><\/figure>\n\n\n\n<p><\/p>\n\n\n\n<p>Die ca. 80 Meter lange Runway besteht aus Kunststoff und stammt urspr\u00fcnglich aus einer Papiermaschine. Sie bietet ideale Rolleigenschaften f\u00fcr Jets und Grossmodelle. Ein traumhafter Weitblick macht jeden Flug zum Vergn\u00fcgen.<\/p>\n\n\n\n<figure class=\"wp-block-image size-large\"><img loading=\"lazy\" decoding=\"async\" width=\"1024\" height=\"768\" src=\"https:\/\/www.mc-boeheimkirchen.at\/wp-content\/uploads\/2026\/04\/IMG_20200905_162351-1024x768.jpg\" alt=\"\" class=\"wp-image-4135\" srcset=\"https:\/\/www.mc-boeheimkirchen.at\/wp-content\/uploads\/2026\/04\/IMG_20200905_162351-1024x768.jpg 1024w, https:\/\/www.mc-boeheimkirchen.at\/wp-content\/uploads\/2026\/04\/IMG_20200905_162351-300x225.jpg 300w, https:\/\/www.mc-boeheimkirchen.at\/wp-content\/uploads\/2026\/04\/IMG_20200905_162351-150x113.jpg 150w, https:\/\/www.mc-boeheimkirchen.at\/wp-content\/uploads\/2026\/04\/IMG_20200905_162351-768x576.jpg 768w, https:\/\/www.mc-boeheimkirchen.at\/wp-content\/uploads\/2026\/04\/IMG_20200905_162351-1536x1152.jpg 1536w, https:\/\/www.mc-boeheimkirchen.at\/wp-content\/uploads\/2026\/04\/IMG_20200905_162351-2048x1536.jpg 2048w, https:\/\/www.mc-boeheimkirchen.at\/wp-content\/uploads\/2026\/04\/IMG_20200905_162351-1005x754.jpg 1005w\" sizes=\"auto, (max-width: 1024px) 100vw, 1024px\" \/><\/figure>\n\n\n\n<p><\/p>\n\n\n\n<p>Der grossz\u00fcgige Pilotenraum bietet mehrere Tische, Sicherheitsnetz sowie 12V-Versorgung fast \u00fcber die gesamte L\u00e4nge.<\/p>\n\n\n\n<figure class=\"wp-block-image size-large\"><img loading=\"lazy\" decoding=\"async\" width=\"1024\" height=\"577\" src=\"https:\/\/www.mc-boeheimkirchen.at\/wp-content\/uploads\/2026\/04\/20230625_201259-1024x577.jpg\" alt=\"\" class=\"wp-image-4133\" srcset=\"https:\/\/www.mc-boeheimkirchen.at\/wp-content\/uploads\/2026\/04\/20230625_201259-1024x577.jpg 1024w, https:\/\/www.mc-boeheimkirchen.at\/wp-content\/uploads\/2026\/04\/20230625_201259-300x169.jpg 300w, https:\/\/www.mc-boeheimkirchen.at\/wp-content\/uploads\/2026\/04\/20230625_201259-150x84.jpg 150w, https:\/\/www.mc-boeheimkirchen.at\/wp-content\/uploads\/2026\/04\/20230625_201259-768x432.jpg 768w, https:\/\/www.mc-boeheimkirchen.at\/wp-content\/uploads\/2026\/04\/20230625_201259-1536x865.jpg 1536w, https:\/\/www.mc-boeheimkirchen.at\/wp-content\/uploads\/2026\/04\/20230625_201259-2048x1153.jpg 2048w, https:\/\/www.mc-boeheimkirchen.at\/wp-content\/uploads\/2026\/04\/20230625_201259-1005x566.jpg 1005w\" sizes=\"auto, (max-width: 1024px) 100vw, 1024px\" \/><\/figure>\n\n\n\n<p><\/p>\n\n\n\n<p>Den Modellflugabend am Vorplatz unter dem Sternenhimmel ausklingen lassen ist ebenso m\u00f6glich wie gem\u00fctliche Abende im Clubhaus.<\/p>\n","protected":false},"excerpt":{"rendered":"<p>Inmitten der wundersch\u00f6nen Landschaft Nieder\u00f6sterreichs liegt der Flugplatz des MC B\u00f6heimkirchen-Kirchstetten. Er ist gut mit dem Auto zu erreichen und bietet ausreichend Parkraum f\u00fcr Piloten und Zuschauer. Die ca. 80 Meter lange Runway besteht aus Kunststoff und stammt urspr\u00fcnglich aus einer Papiermaschine. Sie bietet ideale Rolleigenschaften f\u00fcr Jets und Grossmodelle. Ein traumhafter Weitblick macht jeden &hellip; <\/p>\n<p><a class=\"more-link btn\" href=\"https:\/\/www.mc-boeheimkirchen.at\/?page_id=4137\">Weiterlesen<\/a><\/p>\n","protected":false},"author":1,"featured_media":0,"parent":0,"menu_order":0,"comment_status":"closed","ping_status":"closed","template":"","meta":{"ngg_post_thumbnail":0,"footnotes":""},"class_list":["post-4137","page","type-page","status-publish","hentry","nodate","item-wrap"],"_links":{"self":[{"href":"https:\/\/www.mc-boeheimkirchen.at\/index.php?rest_route=\/wp\/v2\/pages\/4137","targetHints":{"allow":["GET"]}}],"collection":[{"href":"https:\/\/www.mc-boeheimkirchen.at\/index.php?rest_route=\/wp\/v2\/pages"}],"about":[{"href":"https:\/\/www.mc-boeheimkirchen.at\/index.php?rest_route=\/wp\/v2\/types\/page"}],"author":[{"embeddable":true,"href":"https:\/\/www.mc-boeheimkirchen.at\/index.php?rest_route=\/wp\/v2\/users\/1"}],"replies":[{"embeddable":true,"href":"https:\/\/www.mc-boeheimkirchen.at\/index.php?rest_route=%2Fwp%2Fv2%2Fcomments&post=4137"}],"version-history":[{"count":1,"href":"https:\/\/www.mc-boeheimkirchen.at\/index.php?rest_route=\/wp\/v2\/pages\/4137\/revisions"}],"predecessor-version":[{"id":4138,"href":"https:\/\/www.mc-boeheimkirchen.at\/index.php?rest_route=\/wp\/v2\/pages\/4137\/revisions\/4138"}],"wp:attachment":[{"href":"https:\/\/www.mc-boeheimkirchen.at\/index.php?rest_route=%2Fwp%2Fv2%2Fmedia&parent=4137"}],"curies":[{"name":"wp","href":"https:\/\/api.w.org\/{rel}","templated":true}]}}